 hundreds digit of 152691611?
6
What is the millions digit of 154482134?
4
What is the hundreds digit of 182028105?
1
What is the tens digit of 27727140?
4
What is the hundred thousands digit of 739605500?
6
What is the hundreds digit of 35768175?
1
What is the millions digit of 74975532?
4
What is the ten thousands digit of 309469515?
6
What is the billions digit of 1920705412?
1
What is the units digit of 8440312?
2
What is the tens digit of 1422034219?
1
What is the units digit of 47278730?
0
What is the units digit of 810773079?
9
What is the hundreds digit of 933032033?
0
What is the thousands digit of 38415353?
5
What is the tens digit of 47685357?
5
What is the hundreds digit of 617971678?
6
What is the billions digit of 1186322032?
1
What is the units digit of 54123219?
9
What is the hundred thousands digit of 237146883?
1
What is the hundred millions digit of 1294571419?
2
What is the millions digit of 43272101?
3
What is the ten millions digit of 4564965056?
6
What is the hundred thousands digit of 48203546?
2
What is the ten millions digit of 64924983?
6
What is the thousands digit of 698230382?
0
What is the ten millions digit of 96272683?
9
What is the thousands digit of 613306171?
6
What is the billions digit of 2920399118?
2
What is the hundred thousands digit of 29014450?
0
What is the thousands digit of 228986341?
6
What is the ten millions digit of 37277853?
3
What is the hundreds digit of 5200878?
8
What is the units digit of 175264708?
8
What is the hundreds digit of 344941106?
1
What is the tens digit of 44055943?
4
What is the hundreds digit of 5935571642?
6
What is the units digit of 44359797?
7
What is the hundreds digit of 1599821384?
3
What is the ten thousands digit of 171172709?
7
What is the hundred millions digit of 1389888649?
3
What is the hundred thousands digit of 147619995?
6
What is the units digit of 139419254?
4
What is the hundreds digit of 1803721413?
4
What is the millions digit of 3763851451?
3
What is the hundred thousands digit of 14796143?
7
What is the hundreds digit of 85133056?
0
What is the ten millions digit of 22327450?
2
What is the units digit of 117461711?
1
What is the ten thousands digit of 1935788739?
8
What is the millions digit of 2917780974?
7
What is the hundreds digit of 696939765?
7
What is the tens digit of 112222594?
9
What is the tens digit of 8765134038?
3
What is the millions digit of 78133170?
8
What is the hundreds digit of 350737469?
4
What is the ten millions digit of 2261131776?
6
What is the millions digit of 38491137?
8
What is the ten thousands digit of 551943615?
4
What is the tens digit of 293586531?
3
What is the billions digit of 1758200622?
1
What is the hundred thousands digit of 74268061?
2
What is the thousands digit of 938412764?
2
What is the hundred millions digit of 127896277?
1
What is the units digit of 276926917?
7
What is the hundred millions digit of 308634469?
3
What is the millions digit of 700470655?
0
What is the tens digit of 151910422?
2
What is the units digit of 1414642663?
3
What is the hundreds digit of 202969408?
4
What is the tens digit of 425864460?
6
What is the ten millions digit of 4127074232?
2
What is the hundred millions digit of 6466685012?
4
What is the thousands digit of 3536208158?
8
What is the thousands digit of 522893744?
3
What is the hundred millions digit of 1819769387?
8
What is the units digit of 24496707?
7
What is the ten thousands digit of 2109766024?
6
What is the ten millions digit of 131716002?
3
What is the ten millions digit of 693096169?
9
What is the units digit of 42275428?
8
What is the hundred millions digit of 711676997?
7
What is the hundreds digit of 225021859?
8
What is the millions digit of 150452123?
0
What is the ten millions digit of 76212025?
7
What is the tens digit of 396537171?
7
What is the millions digit of 130060518?
0
What is the tens digit of 206859645?
4
What is the millions digit of 51843442?
1
What is the hundreds digit of 68108097?
0
What is the billions digit of 2433371590?
2
What is the hundreds digit of 96319419?
4
What is the ten thousands digit of 25810444?
1
What is the ten millions digit of 4108372704?
0
What is the tens digit of 2001589725?
2
What is the millions digit of 4190617637?
0
What is the thousands digit of 520068589?
8
What is the tens digit of 155781944?
4
What is the thousands digit of 336508294?
8
What is the hundreds digit of 99139650?
6
What is the ten thousands digit of 137644805?
4
What is the tens digit of 2615594358?
5
What is the billions digit of 1192123464?
1
What is the hundreds digit of 98266017?
0
What is the millions digit of 2524663306?
4
What is the hundred thousands digit of 518706909?
7
What is the hundred thousands digit of 1559631209?
6
What is the hundreds digit of 1701759931?
9
What is the tens digit of 952740409?
0
What is the units digit of 97995010?
0
What is the millions digit of 942728840?
2
What is the hundreds digit of 7910277?
2
What is the hundred millions digit of 2181515105?
1
What is the units digit of 158389684?
4
What is the hundreds digit of 65322924?
9
What is the thousands digit of 2181998604?
8
What is the millions digit of 67912570?
7
What is the thousands digit of 166142891?
2
What is the thousands digit of 707722369?
2
What is the millions digit of 104976397?
4
What is the hundred thousands digit of 2941604246?
6
What is the units digit of 46567946?
6
What is the ten thousands digit of 40933626?
3
What is the hundreds digit of 26563254?
2
What is the thousands digit of 845952673?
2
What is the thousands digit of 5053787?
3
What is the ten thousands digit of 299892515?
9
What is the units digit of 9067093903?
3
What is the hundreds digit of 142571910?
9
What is the ten millions digit of 1926011116?
2
What is the tens digit of 39619489?
8
What is the hundred thousands digit of 35451695?
4
What is the hundreds digit of 1743683052?
0
What is the ten millions digit of 3380061831?
8
What is the millions digit of 44510027?
4
What is the ten thousands digit of 78431164?
3
What is the tens digit of 97248864?
6
What is the hundred thousands digit of 5966444?
9
What is the hundred thousands digit of 29980416?
9
What is the hundred thousands digit of 55439721?
4
What is the millions digit of 5332628547?
2
What is the hundred thousands digit of 2053689537?
6
What is the millions digit of 1455233993?
5
What is the hundreds digit of 114059?
0
What is the tens digit of 45159137?
3
What is the thousands digit of 18615903?
5
What is the ten millions digit of 563636371?
6
What is the millions digit of 4673528246?
3
What is the thousands digit of 53436080?
6
What is the units digit of 8279491?
1
What is the tens digit of 156819137?
3
What is the units digit of 173248173?
3
What is the tens digit of 31168289?
8
What is the hundred thousands digit of 32456165?
4
What is the ten millions digit of 68710964?
6
What is the hundred thousands digit of 1735434149?
4
What is the units digit of 328983040?
0
What is the thousands digit of 3344942540?
2
What is the hundred thousands digit of 1121081661?
0
What is the tens digit of 89874223?
2
What is the ten thousands digit of 157081676?
8
What is the hundred thousands digit of 73465876?
4
What is the hundreds digit of 5287496733?
7
What is the tens digit of 48607448?
4
What is the ten millions digit of 189919197?
8
What is the units digit of 8625655?
5
What is the hundred millions digit of 362027793?
3
What is the tens digit of 61162334?
3
What is the hundred thousands digit of 77216621?
2
What is the thousands digit of 44354771?
4
What is the thousands digit of 307734465?
4
What is the ten thousands digit of 10872758?
7
What is the billions digit of 2167355421?
2
What is the thousands digit of 22844986?
4
What is the ten thousands digit of 161888950?
8
What is the tens digit of 146503048?
4
What is the hundreds digit of 132240?
2
What is the hundred thousands digit of 434495922?
4
What is the hundred thousands digit of 6419428845?
4
What is the tens digit of 7969702?
0
What is the millions digit of 1611902568?
1
What is the billions digit of 1804208777?
1
What is the ten thousands digit of 2351080411?
8
What is the millions digit of 6092493940?
2
What is the hundred millions digit of 1489745054?
4
What